Is 98748443 prime?
True
Is 195216419 composite?
True
Is 8119151 a prime number?
True
Is 2132699 a composite number?
False
Is 83351 prime?
False
Is 15478253 a composite number?
True
Is 15294233 a composite number?
False
Is 2488043 composite?
False
Is 63849083 a composite number?
False
Is 600179071 composite?
False
Is 286094261 a composite number?
False
Is 52090979 a composite number?
False
Is 383209 a prime number?
False
Is 38190767 a composite number?
True
Is 24850069 a composite number?
False
Is 3327991 a prime number?
True
Is 8248057 prime?
True
Is 13508731 a prime number?
True
Is 13029547 a prime number?
True
Is 57936449 a composite number?
True
Is 2168893 composite?
False
Is 4302033 a composite number?
True
Is 1189553 a prime number?
True
Is 11783389 prime?
True
Is 18074629 prime?
True
Is 22197059 composite?
False
Is 8583167 a prime number?
True
Is 55871087 a prime number?
True
Is 1206213 a composite number?
True
Is 99487 composite?
False
Is 246315313 composite?
False
Is 15135349 prime?
False
Is 167724049 composite?
False
Is 177276157 a prime number?
False
Is 175663243 a composite number?
True
Is 228534497 a composite number?
False
Is 29056201 a composite number?
False
Is 1303189 prime?
True
Is 2298203 composite?
False
Is 856627 composite?
False
Is 25169461 prime?
True
Is 4813121 a prime number?
False
Is 12683113 a prime number?
True
Is 2146979 a composite number?
False
Is 34550771 a prime number?
False
Is 31558907 a composite number?
True
Is 439469 a composite number?
True
Is 1672549 prime?
True
Is 89340203 a prime number?
False
Is 31060453 a prime number?
True
Is 5743301 a prime number?
False
Is 528468617 a composite number?
False
Is 726061 prime?
False
Is 458633 a composite number?
True
Is 15725701 a prime number?
True
Is 104538887 composite?
True
Is 18248207 a prime number?
False
Is 165253703 a composite number?
False
Is 55101902 composite?
True
Is 43398385 a prime number?
False
Is 2496931 a composite number?
True
Is 24478537 composite?
False
Is 130660457 prime?
False
Is 363088121 composite?
True
Is 7117243 a prime number?
False
Is 17528323 prime?
False
Is 255160109 a prime number?
True
Is 21409679 a prime number?
False
Is 26697061 composite?
False
Is 6952201 prime?
False
Is 4563877 composite?
False
Is 7764131 prime?
True
Is 1318223 prime?
False
Is 143961289 composite?
True
Is 51014531 a composite number?
True
Is 2424427 a prime number?
True
Is 12859117 prime?
False
Is 6896207 a composite number?
True
Is 254176277 prime?
False
Is 39659 composite?
False
Is 222646 composite?
True
Is 153399605 prime?
False
Is 2592719 composite?
False
Is 884639341 a composite number?
False
Is 515717 a prime number?
False
Is 12983405 prime?
False
Is 37146371 prime?
True
Is 1781081 composite?
True
Is 12641689 prime?
False
Is 270031091 a prime number?
False
Is 24152189 a composite number?
True
Is 1359539 a prime number?
False
Is 53983549 prime?
True
Is 34748849 a composite number?
False
Is 176749513 composite?
True
Is 36169359 a prime number?
False
Is 212801119 a composite number?
False
Is 6075247 prime?
False
Is 3642181 prime?
False
Is 173206991 prime?
True
Is 45715589 a prime number?
True
Is 466323259 prime?
True
Is 9975943 a composite number?
False
Is 234113587 composite?
False
Is 32150015 prime?
False
Is 15569423 composite?
True
Is 27022799 a composite number?
False
Is 77614819 a composite number?
True
Is 195586507 a composite number?
True
Is 1813387 a composite number?
False
Is 101767441 a composite number?
False
Is 776422 composite?
True
Is 110920363 a composite number?
False
Is 2250977 composite?
False
Is 17383349 a prime number?
True
Is 170023129 a composite number?
True
Is 3522017 composite?
True
Is 2694917 composite?
True
Is 22847009 a prime number?
True
Is 17934739 a prime number?
True
Is 33704257 composite?
True
Is 87588349 a prime number?
False
Is 8440231 a prime number?
True
Is 17678071 a prime number?
False
Is 20112083 composite?
True
Is 17822579 a prime number?
False
Is 21153871 a composite number?
False
Is 23321939 composite?
False
Is 170219 a composite number?
True
Is 4303717 composite?
True
Is 7754683 a prime number?
True
Is 56006591 a composite number?
True
Is 516089863 a composite number?
False
Is 730791745 prime?
False
Is 28264793 prime?
True
Is 134587801 a composite number?
False
Is 15351467 a prime number?
True
Is 1198123 composite?
False
Is 4361649 prime?
False
Is 1080601 composite?
True
Is 11859137 composite?
False
Is 54190961 prime?
False
Is 328291 a prime number?
True
Is 37095791 a prime number?
False
Is 869153 composite?
False
Is 124154741 a composite number?
True
Is 19406599 prime?
True
Is 39857 a prime number?
True
Is 180056813 a prime number?
True
Is 166139773 prime?
False
Is 2020913 a composite number?
False
Is 10998709 prime?
False
Is 4722341 prime?
False
Is 325144219 composite?
False
Is 6875807 a prime number?
True
Is 264226951 composite?
True
Is 21477853 prime?
True
Is 4473545 a prime number?
False
Is 1422517 a prime number?
False
Is 314013211 prime?
False
Is 3137531 a prime number?
True
Is 316417997 a composite number?
True
Is 39513911 a composite number?
False
Is 5357851 a prime number?
True
Is 46804577 a prime number?
False
Is 15114067 composite?
False
Is 4627199 a prime number?
False
Is 21415349 prime?
True
Is 208994299 a composite number?
True
Is 91413557 a prime number?
True
Is 625949 composite?
True
Is 80717953 a prime number?
True
Is 4508905 prime?
False
Is 342010558 prime?
False
Is 85416887 prime?
True
Is 565733083 a composite number?
True
Is 29584339 composite?
False
Is 15861149 a composite number?
True
Is 6057215 a composite number?
True
Is 1890953 a prime number?
True
Is 118130533 prime?
False
Is 98423131 a composite number?
False
Is 5767985 prime?
False
Is 603932639 a composite number?
False
Is 112539017 a composite number?
False
Is 569144099 composite?
False
Is 18615701 composite?
True
Is 5198941 a prime number?
False
Is 29341163 a prime number?
False
Is 7284713 a composite number?
True
Is 383645431 composite?
True
Is 4051717 a composite number?
False
Is 11745749 a prime number?
True
Is 188589451 a composite number?
False
Is 276375179 a prime number?
True
Is 108013669 a prime number?
True
Is 3381823 prime?
True
Is 12263947 a prime number?
True
Is 1269809 prime?
False
Is 82053221 a composite number?
True
Is 21515441 a prime number?
False
Is 147491 a composite number?
True
Is 72944687 a composite number?
False
Is 1065391 a prime number?
True
Is 126118451 prime?
False
Is 2903839 a composite number?
True
Is 565550989 prime?
False
Is 4493939 prime?
True
Is 3872083 a prime number?
False
Is 3024421 composite?
True
Is 1129889 composite?
False
Is 3379559 a prime number?
True
Is 10183951 a composite number?
True
Is 996418 prime?
False
Is 21556069 a prime number?
False
Is 2760179 a composite number?
False
Is 154893659 a composite number?
False
Is 120192389 composite?
True
Is 41300329 a composite number?
True
Is 1793513 a composite number?
True
Is 3800113 composite?
False
Is 156332837 prime?
True
Is 158603 prime?
False
Is 13059653 a composite number?
True
Is 44772727 a prime number?
True
Is 9952571 a prime number?
False
Is 51202219 a composite number?
True
Is 31497485 composite?
True
Is 11683801 composite?
True
Is 1694681 composite?
False
Is 23959697 prime?
True
Is 6896613 a composite number?
True
Is 15175749 prime?
False
Is 130140167 a composite number?
True
Is 9202699 prime?
False
Is 7340227 composite?
False
Is 43800299 composite?
False
Is 3516055 a composite number?
True
Is 70350171 a prime number?
False
Is 177218887 prime?
False
Is 361729529 composite?
True
Is 1574123 a prime number?
True
Is 251303203 prime?
True
Is 326255659 prime?
True
Is 9548761 composite?
False
Is 9662983 a prime number?
False
Is 3855713 prime?
False
Is 3667141 a prime number?
True
Is 4589281 a prime number?
True
Is 2135039 prime?
False
Is 10357135 composite?
True
Is 267590413 composite?
False
Is 30527347 prime?
True
Is 57237847 composite?
True
Is 74086513 a prime number?
False
Is 10484171 composite?
False
Is 3677651 composite?
True
Is 2134113 a composite number?
True
Is 54164723 a composite number?
True
Is 11074597 a composite number?
False
Is 525614 a prime number?
False
Is 1047821 composite?
False
Is 10429186 composite?
True
Is 1111983 a p